se -g + 126 = -5*w. Is w a prime number?
False
Is -1869*(0 - (-4)/(-12)) a composite number?
True
Let z be 4164/36 + 4/(-6). Suppose -23*j = -24*j + z. Is j prime?
False
Let f = 2 + 1. Suppose f*h = -a + 76 - 2, -h = 2*a - 18. Is h a prime number?
False
Suppose -29 - 1 = -5*f. Let i be (-1 + 3/2)*f. Suppose -4*k - 4*g + 73 = -3*k, g + 232 = i*k. Is k composite?
True
Let f(d) = d**2 + 10*d. Let t be f(-6). Is (-36)/t*3148/6 prime?
True
Is (-3364)/(-5) - (-8)/40 a prime number?
True
Let y = -10 + 11. Suppose 4*k - 32 = -2*v, -3*k - y = -3*v + 2. Is v a prime number?
False
Suppose 0*v = -2*v - 900. Let x = v - -653. Is x a composite number?
True
Let n(p) = -2 - p**2 + p**2 - 5*p - 4*p**2 + 5*p**2. Suppose 0 = 4*d - 6 - 18. Is n(d) composite?
True
Suppose 0 = -2*i - 2*i - 4*m, 5*i = -m - 8. Is (-17 + -2)*i/2 composite?
False
Suppose -3*d = 4*o, 5*d - d = 2*o - 22. Suppose -6*i = -o*i - 63. Is i prime?
False
Suppose -p - 92 = -246. Let u = p + -341. Is u/(-5) + (-4)/10 prime?
True
Let y be 9/6*(-20)/6. Let z = 28 - y. Is z a prime number?
False
Suppose 0 = -2*o - 5*z + 2282, -2*z - 4 = 4. Is o a composite number?
False
Let f be 3*(0 + -3 + 2). Let a(c) = -4*c**3 - 3 + 2*c**3 + 2 - c**2 - 3*c. Is a(f) prime?
True
Is ((-388)/(-3))/2*3 a prime number?
False
Suppose 306 = x - 4*x. Let p(g) = -2*g**2 + 4*g + 1. Let r be p(7). Let b = r - x. Is b prime?
False
Is ((-44)/132)/(1 - (-9944)/(-9942)) prime?
True
Let c be -2 + (-3 + 10 - 1). Suppose -c*y = 4*l - 640, 696 = 4*y - 3*l + 35. Is y a composite number?
False
Let q(y) = y - 4. Let s be q(7). Is 27/4 + s/12 prime?
True
Let j = -72 - -38. Let o = 77 + j. Is o prime?
True
Is -6*((-765)/6 - 4/4) a prime number?
False
Let t(n) = -32*n + 1. Let l = -4 + 3. Let d be t(l). Suppose -d = -q - 2*q. Is q composite?
False
Let w be 0 - 2 - (0 + -1). Let t(p) = -22*p**3 + 1. Is t(w) a composite number?
False
Suppose 2*u - 8 = -0*n + n, 2*u - 10 = 0. Suppose -n*x - 3*x = 0. Suppose 2*w - 39 - 27 = x. Is w composite?
True
Let r(i) = i - 5. Let z = 10 - 5. Let d be r(z). Suppose d*a + a = 34. Is a composite?
True
Let s be (0 - -2028) + 3 - 1. Is (s/(-15))/((-2)/3) composite?
True
Let p(y) = -y**2 + 19. Let l be p(0). Let u = l + 4. Suppose -k + u - 2 = 0. Is k a composite number?
True
Suppose -36 = -2*x - 0. Let h be (-348)/(-9)*x/4. Suppose 2*m - 4*m = -h. Is m prime?
False
Suppose -843 = 2*s - 5*s. Suppose 3*h - 2*o - 216 = 0, 4*o - 27 = -4*h + s. Is h composite?
True
Suppose 3*w - 40 = 11. Let d be (0 - -1*w)/1. Let h = -3 + d. Is h composite?
True
Let o(p) = 2*p**2 - 11*p - 4. Is o(-9) a prime number?
True
Let c = -27 + -18. Let d = 231 - 155. Let j = d + c. Is j a composite number?
False
Let z(s) = -53*s + 10. Let l be z(-7). Suppose -5*t + 154 + 306 = -3*a, l = 4*t - 5*a. Is t composite?
False
Suppose j + 2606 = 5*f, -2*f - 2*j = -774 - 266. Is f a composite number?
False
Let n = 88 - -39. Is n a prime number?
True
Is ((-728)/2)/4*-1 composite?
True
Let y = -6 + 0. Is 147 - 3*4/y composite?
False
Let o = 1 + 4. Suppose 0 = -o*i - 0*i + 115. Is i a prime number?
True
Let c = 2865 - 1816. Is c a prime number?
True
Suppose 0 = -2*t + 7*t - 230. Suppose t = -5*z + 141. Is z composite?
False
Suppose 5*j - 19 = 4*l + 35, 0 = -4*j - 4*l + 36. Let x(v) = 5 + j*v - 3 + 7. Is x(8) prime?
True
Is ((-3)/(-18))/((-1)/(-2082)) a composite number?
False
Let x = -10 + 13. Suppose -2*j - 33 + 233 = x*k, 0 = -k - 4. Suppose l = -5*v + 34 - 4, v + j = 3*l. Is l a prime number?
False
Let n(j) = 99*j**3 - j**2 - j + 1. Let s be n(1). Suppose 0*u = -u + s. Suppose o - 3*m = 73, 2*o - m - u - 38 = 0. Is o a prime number?
True
Let n = 39 - 20. Is n a prime number?
True
Let r = 234 - -259. Is r a prime number?
False
Let l = -231 - -362. Is l a prime number?
True
Suppose -68 = -2*x - 5*c + 2*c, -3*x + c = -124. Suppose 3*r = r - x. Is 10/(-4)*r/5 prime?
False
Let c(t) = 2*t - 10. Let w be c(7). Suppose g + w*f = -0*f + 21, -3*g + 4*f = -127. Is g a composite number?
False
Suppose 5*n - 4*v = 3429, -5*n + 1677 + 1756 = -3*v. Is n a composite number?
True
Let b = 7 - 5. Let t = 9 - b. Suppose 2*m - t*m = -175. Is m prime?
False
Let o(q) = -29*q**2 - 2*q - 1. Let m be o(-1). Is m*(-2)/8*7 a prime number?
False
Is (-3408)/(-2) + (5 - 0) a prime number?
True
Suppose 6*b - b = 0. Suppose 2*o + 2*o = b. Suppose -k + 7 + 8 = o. Is k prime?
False
Let p = 1549 - 662. Suppose 2*b - 731 - p = 0. Is b a prime number?
True
Is (-1)/(-1 - (-250)/251) prime?
True
Suppose -4*j - 2*c = -9*j + 238, -3*c = -3. Suppose 3*z = z - j. Let x = z + 43. Is x a composite number?
False
Suppose -n = 3 - 6. Suppose 3*v = -v. Suppose g + 6 = 2*i, v*i + g = -n*i + 4. Is i a composite number?
False
Suppose 0 = -3*u + 12 + 3. Suppose 3*t + 252 = u*q, 5*t + 4 = 9. Is q prime?
False
Let n = -84 + -572. Let q = n + 963. Is q a prime number?
True
Suppose i + 5 + 0 = 0. Let s = 6 - i. Is s a composite number?
False
Let r = 977 - 531. Is r a composite number?
True
Let g(a) = -a + 10. Let z be g(7). Let w(d) = 8*d**2 + 4*d + 1. Is w(z) a composite number?
True
Let q(t) = -t**3 - 9*t**2 - 4*t + 7. Let s be q(-6). Suppose -3*f + 4 = 1, -5*f = 4*w + 755. Let y = s - w. Is y a composite number?
False
Let b(k) = -k**3 - k + 5. Let m be b(0). Suppose -m*z = -0*z. Suppose a - p - 7 - 1 = z, -3*a + 29 = -4*p. Is a composite?
False
Suppose 0 = d + 9 - 218. Is d a prime number?
False
Let v(j) = -25*j - 6. Let d(g) = -g + 4. Let m be d(6). Let u be m*(-1)/(4/(-10)). Is v(u) a prime number?
False
Let u be (-2)/(3 + (-38)/14). Let b(r) = r**2 + 4*r - 2. Is b(u) prime?
True
Let v(b) be the first derivative of 4*b**3/3 + 3*b**2 + 7*b - 7. Is v(-7) a prime number?
False
Suppose 7 = l + 3. Let n = -1 + l. Is (-158)/(1 - n) - 2 a composite number?
True
Let f(q) = q**2 + 13*q + 17. Let y be f(-12). Suppose -5*h + 32 = -8*h + 5*v, 0 = -y*v + 20. Is (-69)/(0 + h + 3) a composite number?
True
Let m(g) = 2*g**2 - 3*g - 3. Let c(n) = -10*n**2 + 16*n + 16. Let l(w) = 2*c(w) + 11*m(w). Let b be l(2). Suppose -882 = -b*z - 307. Is z a composite number?
True
Let a = 372 - 189. Is a prime?
False
Let z(p) = 5*p + 1. Let m be z(1). Is (-2778)/(-18) - (-4)/m prime?
False
Let z(f) = 5*f**3 + 5*f**2 + 5*f - 18. Is z(7) composite?
True
Suppose j = 5*t + 701, 3*j = j - 3*t + 1467. Is ((-9)/27)/((-2)/j) a composite number?
True
Let y = 925 - 140. Is y a composite number?
True
Suppose 0 = d - w + 31, -d - 13 = -3*w + 18. Let x = 51 + d. Let c = x - 6. Is c prime?
False
Suppose 2*c = -2*i + 286, 0*c = 3*i - c - 413. Suppose -2*a = 2*n + 63 - 223, -2*n + 5*a = -i. Is n composite?
True
Let t be ((-8)/6)/((-8)/900). Let c = 100 - t. Let u = c - -84. Is u composite?
True
Let g(a) = 6*a**3 + 4*a**2 + 2*a. Let q be g(-2). Let d(l) = l**2 - 51. Let u be d(0). Let h = q - u. Is h composite?
True
Suppose 0 = -5*h + 5320 - 125. Is h a composite number?
False
Let y(x) = -3*x**2 + 6*x**2 + 1 + 2 + x**3 - 11*x + 8*x**2. Let t be y(-10). Suppose 4*l + 73 = t. Is l composite?
True
Is (-4516)/(-10) - (-3)/(-5) a composite number?
True
Let f(x) = -111*x + 1. Is f(-2) composite?
False
Let f be 156/7 + 18/(-63). Suppose 4*b - f = -2*d, b + d - 8 = -2*d. Suppose -4*j = -b*j + 35. Is j a prime number?
False
Let p(a) = 2*a - a**3 + 0 - 5*a + 2*a**2 + 4. Let u be p(-3). Let i = -20 + u. Is i a prime number?
False
Is (-10764)/72*-1*2 a composite number?
True
Let s be (-10)/4*(-4)/5. Let i(n) = 16*n**3 - n**2 - 2*n + 1. Let c be i(s). Let l = 174 - c. Is l a prime number?
True
Let j = 474 + -317. Is j a composite number?
False
Let c(w) = 39*w**2 + 11. Is c(4) a prime number?
False
Let t(s) = -9*s**3 + s**2 - 2*s + 2. Let o be t(2). Let z = 101 + o. Is z composite?
False
Let u(v) = 0 + 1 - 5 + 56*v - 3. Is u(10) a composite number?
True
Suppose 0 = 4*b - 4337 - 107. Is b composite?
True
Is (-1548)/(-16) - 1/(-4) prime?
True
Is (-4 - 4)/4 + 41 + -1 a composite number?
True
Let i be (-1)/(-2) + 884/8. Suppose f - i = s, 0 = 3*s - 2*f + f + 325. Let y = s - -184. Is y prime?
False
Let x = -17 - -75. Is x a composite number?
True
Let d(g) = g - 4. Let r = -10 - -17. Let c be d(r). Suppose -c*v + 7 = -0*v - 5*y, -4*y - 11 = -3*v. Is v a composite number?
True
Let k = -4 + 19. Let w = k - 0. Is w composite?
True
Suppose k + 3817 = 5*p, -5*p - 2